{"id":170,"date":"2015-05-12T12:17:19","date_gmt":"2015-05-12T12:17:19","guid":{"rendered":"http:\/\/brandexponents.com\/oshin\/v17\/?page_id=170"},"modified":"2024-04-24T15:30:17","modified_gmt":"2024-04-24T13:30:17","slug":"about","status":"publish","type":"page","link":"https:\/\/florentvallesphotographe.com\/index.php\/about\/","title":{"rendered":"About -v17 (Demo)"},"content":{"rendered":"<div  class=\"tatsu-fqp29r6ou0a3uvrh tatsu-section    tatsu-clearfix\" data-title=\"\"  data-headerscheme=\"background--none\"><div class='tatsu-section-pad clearfix' data-padding='{\"d\":\"90px 0% 90px 0%\"}' data-padding-top='90px'><div class=\"tatsu-row-wrap  tatsu-wrap tatsu-row-has-one-half tatsu-row-has-two-cols tatsu-medium-gutter tatsu-reg-cols  tatsu-clearfix tatsu-fqp29r6ov0bslb47\" ><div  class=\"tatsu-row \" ><div  class=\"tatsu-column  tatsu-column-no-bg tatsu-one-half tatsu-column-image-none tatsu-column-effect-none  tatsu-fqp29r6ovefn03jp\"  data-parallax-speed=\"0\" style=\"\"><div class=\"tatsu-column-inner \" ><div class=\"tatsu-column-pad-wrap\"><div class=\"tatsu-column-pad\" ><div  class=\"tatsu-module tatsu-text-block-wrap tatsu-fqp29r6owp5kasp1  \"><div class=\"tatsu-text-inner tatsu-align-center  clearfix\" ><style>.tatsu-fqp29r6owp5kasp1.tatsu-text-block-wrap .tatsu-text-inner{text-align: left;}<\/style>\n<div class=\"be-text-inner clearfix\">\n<h2><span style=\"color: #ffffff;\">FLORENT VALLES<br \/><\/span><\/h2>\n<\/div>\n<\/div><\/div><div  class=\"tatsu-empty-space  tatsu-fqp29r6p0dinpba  \" ><style>.tatsu-fqp29r6p0dinpba.tatsu-empty-space{height: 15px;}<\/style><\/div><div  class=\"special-subtitle-wrap  tatsu-fqp29r6p33gd3ch6  \"  ><div class=\"align-left\"><span class=\"special-subtitle\" >La photographie capture l'instant pr\u00e9cis, gelant le temps au milli\u00e8me de seconde pr\u00e8s. Elle r\u00e9v\u00e8le la beaut\u00e9 \u00e0 travers la lumi\u00e8re qui peut magnifier un corps ou un objet. Plus que cela, la photographie peut renforcer la confiance en soi, \u00e9veiller des d\u00e9sirs et m\u00eame inciter \u00e0 l'achat. Pour moi, sa v\u00e9ritable puissance r\u00e9side dans sa capacit\u00e9 \u00e0 \u00e9voquer des \u00e9motions profondes et \u00e0 raviver des souvenirs, parfois lointains, cr\u00e9ant ainsi un lien intime avec le spectateur.<\/p>\n<p><\/span><\/div><style>.tatsu-fqp29r6p33gd3ch6 .special-subtitle{font-size: 18px;color: rgba(255,255,255,1) ;width: 100%;}.tatsu-fqp29r6p33gd3ch6.special-subtitle-wrap{margin-bottom: 20px;}<\/style><\/div><div  class=\"tatsu-module tatsu-text-block-wrap tatsu-fqp29r6p5qcjg5iy  \"><div class=\"tatsu-text-inner   clearfix\" ><style>.tatsu-fqp29r6p5qcjg5iy.tatsu-text-block-wrap .tatsu-text-inner{text-align: left;color: rgba(249,243,243,1) ;}.tatsu-fqp29r6p5qcjg5iy .tatsu-text-inner *{color: rgba(249,243,243,1) ;}<\/style>\n<div class=\"flex flex-grow flex-col max-w-full\">\n<div class=\"min-h-&#091;20px&#093; text-message flex flex-col items-start gap-3 whitespace-pre-wrap break-words &#091;.text-message+&amp;&#093;:mt-5 overflow-x-auto\" dir=\"auto\" data-message-author-role=\"assistant\" data-message-id=\"e8469248-a95f-4de6-a966-8f74089c8776\">\n<div class=\"markdown prose w-full break-words dark:prose-invert light\">\n<h6>Depuis que mon grand-p\u00e8re m&rsquo;a offert un appareil photo argentique dans le pass\u00e9, je pratique la photographie.<\/h6>\n<h6>Dipl\u00f4m\u00e9 en photographie apr\u00e8s une reconversion en 2008, j&rsquo;ai continuellement \u00e9largi mes comp\u00e9tences et affin\u00e9 mon exp\u00e9rience \u00e0 travers diff\u00e9rents domaines tels que la photographie immobili\u00e8re, de mode, animali\u00e8re, scolaire, et bien d&rsquo;autres.<\/h6>\n<h6>Par la suite, j&rsquo;ai \u00e9galement acquis des comp\u00e9tences dans la captation et le montage vid\u00e9o, ainsi que dans le pilotage de drones.<\/h6>\n<\/div>\n<\/div>\n<\/div>\n<\/div><\/div><div  class=\"tatsu-module tatsu-normal-button tatsu-button-wrap   tatsu-fqp29r6p996hccoi   \"><a class=\"tatsu-shortcode mediumbtn tatsu-button left-icon    bg-animation-none  \" href=\"https:\/\/florentvallesphotographe.com\/index.php\/contact\/\" style= \"\"  aria-label=\"GET IN TOUCH\" data-gdpr-atts={} >GET IN TOUCH<\/a><style>.tatsu-fqp29r6p996hccoi .tatsu-button:hover{background-color: #ffffff;color: #000000 ;border-color: #ffffff; }.tatsu-fqp29r6p996hccoi .tatsu-button{color: rgba(255,255,255,1) ;border-width: 2px;border-color: rgba(255,255,255,1); }<\/style><\/div><\/div><\/div><div class = \"tatsu-column-bg-image-wrap\"><div class = \"tatsu-column-bg-image\" ><\/div><\/div><\/div><style>.tatsu-row > .tatsu-fqp29r6ovefn03jp.tatsu-column{width: 50%;}.tatsu-fqp29r6ovefn03jp.tatsu-column > .tatsu-column-inner > .tatsu-column-overlay{mix-blend-mode: none;}.tatsu-fqp29r6ovefn03jp > .tatsu-column-inner > .tatsu-top-divider{z-index: 9999;}.tatsu-fqp29r6ovefn03jp > .tatsu-column-inner > .tatsu-bottom-divider{z-index: 9999;}.tatsu-fqp29r6ovefn03jp > .tatsu-column-inner > .tatsu-left-divider{z-index: 9999;}.tatsu-fqp29r6ovefn03jp > .tatsu-column-inner > .tatsu-right-divider{z-index: 9999;}@media only screen and (max-width: 767px) {.tatsu-row > .tatsu-fqp29r6ovefn03jp.tatsu-column{width: 100%;}}<\/style><\/div><div  class=\"tatsu-column  tatsu-column-no-bg tatsu-one-half tatsu-column-image-none tatsu-column-effect-none  tatsu-fqp29r6pdh213sho\"  data-parallax-speed=\"0\" style=\"\"><div class=\"tatsu-column-inner \" ><div class=\"tatsu-column-pad-wrap\"><div class=\"tatsu-column-pad\" ><div  class=\"tatsu-empty-space  tatsu-fqp29r6pe5cz0j96  \" ><style>.tatsu-fqp29r6pe5cz0j96.tatsu-empty-space{height: 1px;}<\/style><\/div><\/div><\/div><div class = \"tatsu-column-bg-image-wrap\"><div class = \"tatsu-column-bg-image\" ><\/div><\/div><\/div><style>.tatsu-row > .tatsu-fqp29r6pdh213sho.tatsu-column{width: 50%;}.tatsu-fqp29r6pdh213sho.tatsu-column > .tatsu-column-inner > .tatsu-column-overlay{mix-blend-mode: none;}.tatsu-fqp29r6pdh213sho > .tatsu-column-inner > .tatsu-top-divider{z-index: 9999;}.tatsu-fqp29r6pdh213sho > .tatsu-column-inner > .tatsu-bottom-divider{z-index: 9999;}.tatsu-fqp29r6pdh213sho > .tatsu-column-inner > .tatsu-left-divider{z-index: 9999;}.tatsu-fqp29r6pdh213sho > .tatsu-column-inner > .tatsu-right-divider{z-index: 9999;}@media only screen and (max-width: 767px) {.tatsu-row > .tatsu-fqp29r6pdh213sho.tatsu-column{width: 100%;}}<\/style><\/div><\/div><\/div><\/div><div class=\"tatsu-section-background-wrap\"><div class = \"tatsu-section-background\" ><\/div><\/div><style>.tatsu-fqp29r6ou0a3uvrh.tatsu-section{background-color: #000000;}.tatsu-fqp29r6ou0a3uvrh .tatsu-section-background{background-image: url(http:\/\/florentvallesphotographe.com\/wp-content\/uploads\/2023\/03\/8K7A0642-scaled.jpg);background-repeat: no-repeat;background-attachment: fixed;background-position: top right;background-size: cover;}.tatsu-fqp29r6ou0a3uvrh .tatsu-bg-blur{background-repeat: no-repeat;background-attachment: fixed;background-position: top right;background-size: cover;}.tatsu-fqp29r6ou0a3uvrh{border-width: 0px 0px px 0px;border-style: solid;}.tatsu-fqp29r6ou0a3uvrh .tatsu-section-pad{padding: 90px 0% 90px 0%;}.tatsu-fqp29r6ou0a3uvrh > .tatsu-bottom-divider{z-index: 9999;}.tatsu-fqp29r6ou0a3uvrh > .tatsu-top-divider{z-index: 9999;}<\/style><\/div><div  class=\"tatsu-fqp29r6pl8boep7j tatsu-section    tatsu-clearfix\" data-title=\"\"  data-headerscheme=\"background--dark\"><div class='tatsu-section-pad clearfix' data-padding='{\"d\":\"90px 0% 90px 0%\"}' data-padding-top='90px'><div class=\"tatsu-row-wrap  tatsu-wrap tatsu-row-has-one-half tatsu-row-has-three-cols tatsu-medium-gutter tatsu-reg-cols  tatsu-clearfix tatsu-fqp29r6pmjbb81fu\" ><div  class=\"tatsu-row \" ><div  class=\"tatsu-column  tatsu-column-no-bg tatsu-one-fourth tatsu-column-image-none tatsu-column-effect-none  tatsu-fqp29r6pmv6k4dxr\"  data-parallax-speed=\"0\" style=\"\"><div class=\"tatsu-column-inner \" ><div class=\"tatsu-column-pad-wrap\"><div class=\"tatsu-column-pad\" ><div  class=\"tatsu-module tatsu-text-block-wrap tatsu-fqp29r6pne5ngci3  \"><div class=\"tatsu-text-inner tatsu-align-center  clearfix\" ><style>.tatsu-fqp29r6pne5ngci3.tatsu-text-block-wrap .tatsu-text-inner{text-align: left;}<\/style>\n<h5>Clients<\/h5>\n<\/div><\/div><div  class=\"tatsu-empty-space  tatsu-fqp29r6pqrfosphl  \" ><style>.tatsu-fqp29r6pqrfosphl.tatsu-empty-space{height: 10px;}<\/style><\/div><div  class=\"tatsu-module tatsu-text-block-wrap tatsu-fqp29r6pt6af9o0g  \"><div class=\"tatsu-text-inner tatsu-align-center  clearfix\" ><style>.tatsu-fqp29r6pt6af9o0g.tatsu-text-block-wrap .tatsu-text-inner{text-align: left;}<\/style>\n<ul style=\"line-height: 1.2;\">\n<li>G&#038;V Ferries<\/li>\n<li>CAB <\/li>\n<li>Mairie de Lyon<\/li>\n<li>SLH H\u00f4tel Misincu<\/li>\n<li>Cala di Greco<\/li>\n<li>&#8230;<\/li>\n<\/ul>\n<\/div><\/div><\/div><\/div><div class = \"tatsu-column-bg-image-wrap\"><div class = \"tatsu-column-bg-image\" ><\/div><\/div><\/div><style>.tatsu-row > .tatsu-fqp29r6pmv6k4dxr.tatsu-column{width: 25%;}.tatsu-fqp29r6pmv6k4dxr.tatsu-column > .tatsu-column-inner > .tatsu-column-overlay{mix-blend-mode: none;}.tatsu-fqp29r6pmv6k4dxr > .tatsu-column-inner > .tatsu-top-divider{z-index: 9999;}.tatsu-fqp29r6pmv6k4dxr > .tatsu-column-inner > .tatsu-bottom-divider{z-index: 9999;}.tatsu-fqp29r6pmv6k4dxr > .tatsu-column-inner > .tatsu-left-divider{z-index: 9999;}.tatsu-fqp29r6pmv6k4dxr > .tatsu-column-inner > .tatsu-right-divider{z-index: 9999;}@media only screen and (max-width: 767px) {.tatsu-row > .tatsu-fqp29r6pmv6k4dxr.tatsu-column{width: 100%;}}<\/style><\/div><div  class=\"tatsu-column  tatsu-column-no-bg tatsu-one-fourth tatsu-column-image-none tatsu-column-effect-none  tatsu-fqp29r6pvq2vuy5u\"  data-parallax-speed=\"0\" style=\"\"><div class=\"tatsu-column-inner \" ><div class=\"tatsu-column-pad-wrap\"><div class=\"tatsu-column-pad\" ><div  class=\"tatsu-empty-space  tatsu-fqp29r6pyo13rv9c  \" ><style>.tatsu-fqp29r6pyo13rv9c.tatsu-empty-space{height: 10px;}<\/style><\/div><\/div><\/div><div class = \"tatsu-column-bg-image-wrap\"><div class = \"tatsu-column-bg-image\" ><\/div><\/div><\/div><style>.tatsu-row > .tatsu-fqp29r6pvq2vuy5u.tatsu-column{width: 25%;}.tatsu-fqp29r6pvq2vuy5u.tatsu-column > .tatsu-column-inner > .tatsu-column-overlay{mix-blend-mode: none;}.tatsu-fqp29r6pvq2vuy5u > .tatsu-column-inner > .tatsu-top-divider{z-index: 9999;}.tatsu-fqp29r6pvq2vuy5u > .tatsu-column-inner > .tatsu-bottom-divider{z-index: 9999;}.tatsu-fqp29r6pvq2vuy5u > .tatsu-column-inner > .tatsu-left-divider{z-index: 9999;}.tatsu-fqp29r6pvq2vuy5u > .tatsu-column-inner > .tatsu-right-divider{z-index: 9999;}@media only screen and (max-width: 767px) {.tatsu-row > .tatsu-fqp29r6pvq2vuy5u.tatsu-column{width: 100%;}}<\/style><\/div><div  class=\"tatsu-column  tatsu-column-no-bg tatsu-one-half tatsu-column-image-none tatsu-column-effect-none  tatsu-fqp29r6q4635hal\"  data-parallax-speed=\"0\" style=\"\"><div class=\"tatsu-column-inner \" ><div class=\"tatsu-column-pad-wrap\"><div class=\"tatsu-column-pad\" ><div  class=\"tatsu-module tatsu-text-block-wrap tatsu-fqp29r6q4q1k9ygi  \"><div class=\"tatsu-text-inner tatsu-align-center  clearfix\" ><style>.tatsu-fqp29r6q4q1k9ygi.tatsu-text-block-wrap .tatsu-text-inner{text-align: left;}<\/style>\n<h5>Instagram Shots<\/h5>\n<\/div><\/div><div  class=\"tatsu-empty-space  tatsu-fqp29r6q7k81d2i7  \" ><style>.tatsu-fqp29r6q7k81d2i7.tatsu-empty-space{height: 10px;}<\/style><\/div><p class=\"element-empty-message\"><b>Instagram Error : <\/b>Error validating application<\/p><\/div><\/div><div class = \"tatsu-column-bg-image-wrap\"><div class = \"tatsu-column-bg-image\" ><\/div><\/div><\/div><style>.tatsu-row > .tatsu-fqp29r6q4635hal.tatsu-column{width: 50%;}.tatsu-fqp29r6q4635hal.tatsu-column > .tatsu-column-inner > .tatsu-column-overlay{mix-blend-mode: none;}.tatsu-fqp29r6q4635hal > .tatsu-column-inner > .tatsu-top-divider{z-index: 9999;}.tatsu-fqp29r6q4635hal > .tatsu-column-inner > .tatsu-bottom-divider{z-index: 9999;}.tatsu-fqp29r6q4635hal > .tatsu-column-inner > .tatsu-left-divider{z-index: 9999;}.tatsu-fqp29r6q4635hal > .tatsu-column-inner > .tatsu-right-divider{z-index: 9999;}@media only screen and (max-width: 767px) {.tatsu-row > .tatsu-fqp29r6q4635hal.tatsu-column{width: 100%;}}<\/style><\/div><\/div><\/div><\/div><div class=\"tatsu-section-background-wrap\"><div class = \"tatsu-section-background\" ><\/div><\/div><style>.tatsu-fqp29r6pl8boep7j .tatsu-section-pad{padding: 90px 0% 90px 0%;}.tatsu-fqp29r6pl8boep7j > .tatsu-bottom-divider{z-index: 9999;}.tatsu-fqp29r6pl8boep7j > .tatsu-top-divider{z-index: 9999;}<\/style><\/div>\n","protected":false},"excerpt":{"rendered":"<p><a href=\"https:\/\/florentvallesphotographe.com\/index.php\/about\/\" class=\"more-link style3-button\">Read More<\/a><\/p>","protected":false},"author":1,"featured_media":0,"parent":0,"menu_order":0,"comment_status":"open","ping_status":"closed","template":"","meta":{"om_disable_all_campaigns":false,"_monsterinsights_skip_tracking":false,"_monsterinsights_sitenote_active":false,"_monsterinsights_sitenote_note":"","_monsterinsights_sitenote_category":0,"footnotes":""},"class_list":["post-170","page","type-page","status-publish","hentry"],"_links":{"self":[{"href":"https:\/\/florentvallesphotographe.com\/index.php\/wp-json\/wp\/v2\/pages\/170","targetHints":{"allow":["GET"]}}],"collection":[{"href":"https:\/\/florentvallesphotographe.com\/index.php\/wp-json\/wp\/v2\/pages"}],"about":[{"href":"https:\/\/florentvallesphotographe.com\/index.php\/wp-json\/wp\/v2\/types\/page"}],"author":[{"embeddable":true,"href":"https:\/\/florentvallesphotographe.com\/index.php\/wp-json\/wp\/v2\/users\/1"}],"replies":[{"embeddable":true,"href":"https:\/\/florentvallesphotographe.com\/index.php\/wp-json\/wp\/v2\/comments?post=170"}],"version-history":[{"count":19,"href":"https:\/\/florentvallesphotographe.com\/index.php\/wp-json\/wp\/v2\/pages\/170\/revisions"}],"predecessor-version":[{"id":4402,"href":"https:\/\/florentvallesphotographe.com\/index.php\/wp-json\/wp\/v2\/pages\/170\/revisions\/4402"}],"wp:attachment":[{"href":"https:\/\/florentvallesphotographe.com\/index.php\/wp-json\/wp\/v2\/media?parent=170"}],"curies":[{"name":"wp","href":"https:\/\/api.w.org\/{rel}","templated":true}]}}